40619 is divided by 33?
29
What is the remainder when 195 is divided by 59?
18
Calculate the remainder when 80 is divided by 28.
24
What is the remainder when 459 is divided by 220?
19
What is the remainder when 214 is divided by 57?
43
What is the remainder when 999 is divided by 16?
7
Calculate the remainder when 165 is divided by 79.
7
Calculate the remainder when 75 is divided by 17.
7
Calculate the remainder when 111 is divided by 37.
0
What is the remainder when 639 is divided by 107?
104
What is the remainder when 3959 is divided by 15?
14
Calculate the remainder when 260 is divided by 33.
29
Calculate the remainder when 126 is divided by 67.
59
Calculate the remainder when 550 is divided by 187.
176
What is the remainder when 6364 is divided by 130?
124
What is the remainder when 357 is divided by 135?
87
Calculate the remainder when 181 is divided by 46.
43
Calculate the remainder when 974 is divided by 66.
50
Calculate the remainder when 2283 is divided by 570.
3
Calculate the remainder when 3051 is divided by 34.
25
Calculate the remainder when 1674 is divided by 281.
269
What is the remainder when 413 is divided by 52?
49
What is the remainder when 546 is divided by 57?
33
Calculate the remainder when 55 is divided by 20.
15
What is the remainder when 11 is divided by 8?
3
Calculate the remainder when 15 is divided by 9.
6
What is the remainder when 9 is divided by 2?
1
What is the remainder when 903 is divided by 494?
409
Calculate the remainder when 33 is divided by 21.
12
What is the remainder when 86 is divided by 29?
28
What is the remainder when 90 is divided by 44?
2
What is the remainder when 664 is divided by 55?
4
What is the remainder when 755 is divided by 14?
13
What is the remainder when 685 is divided by 221?
22
Calculate the remainder when 112 is divided by 2.
0
What is the remainder when 956 is divided by 16?
12
Calculate the remainder when 296 is divided by 33.
32
Calculate the remainder when 864 is divided by 17.
14
Calculate the remainder when 108 is divided by 22.
20
What is the remainder when 577 is divided by 141?
13
Calculate the remainder when 80 is divided by 21.
17
What is the remainder when 42 is divided by 22?
20
What is the remainder when 1032 is divided by 115?
112
Calculate the remainder when 244 is divided by 121.
2
Calculate the remainder when 1098 is divided by 80.
58
Calculate the remainder when 1050 is divided by 514.
22
Calculate the remainder when 506 is divided by 15.
11
Calculate the remainder when 220 is divided by 37.
35
What is the remainder when 3256 is divided by 17?
9
What is the remainder when 555 is divided by 284?
271
Calculate the remainder when 551 is divided by 509.
42
Calculate the remainder when 9755 is divided by 125.
5
What is the remainder when 1376 is divided by 80?
16
What is the remainder when 969 is divided by 33?
12
Calculate the remainder when 34 is divided by 16.
2
What is the remainder when 4827 is divided by 18?
3
Calculate the remainder when 333 is divided by 19.
10
Calculate the remainder when 408 is divided by 212.
196
Calculate the remainder when 538 is divided by 39.
31
Calculate the remainder when 153 is divided by 20.
13
What is the remainder when 24 is divided by 3?
0
Calculate the remainder when 430 is divided by 24.
22
What is the remainder when 905 is divided by 449?
7
What is the remainder when 5321 is divided by 25?
21
Calculate the remainder when 4799 is divided by 32.
31
Calculate the remainder when 1309 is divided by 82.
79
What is the remainder when 552 is divided by 256?
40
What is the remainder when 400 is divided by 94?
24
Calculate the remainder when 4952 is divided by 28.
24
Calculate the remainder when 95 is divided by 23.
3
What is the remainder when 179 is divided by 14?
11
What is the remainder when 95 is divided by 44?
7
Calculate the remainder when 229 is divided by 71.
16
Calculate the remainder when 647 is divided by 13.
10
Calculate the remainder when 135 is divided by 24.
15
Calculate the remainder when 3395 is divided by 283.
282
Calculate the remainder when 74 is divided by 25.
24
What is the remainder when 883 is divided by 59?
57
Calculate the remainder when 902 is divided by 313.
276
What is the remainder when 399 is divided by 8?
7
Calculate the remainder when 14132 is divided by 55.
52
Calculate the remainder when 12796 is divided by 25.
21
Calculate the remainder when 30 is divided by 28.
2
What is the remainder when 16701 is divided by 18?
15
Calculate the remainder when 2121 is divided by 142.
133
Calculate the remainder when 1642 is divided by 6.
4
What is the remainder when 301 is divided by 67?
33
What is the remainder when 2837 is divided by 129?
128
Calculate the remainder when 36 is divided by 2.
0
Calculate the remainder when 1671 is divided by 72.
15
Calculate the remainder when 960 is divided by 250.
210
What is the remainder when 109 is divided by 16?
13
What is the remainder when 389 is divided by 56?
53
What is the remainder when 442 is divided by 7?
1
Calculate the remainder when 55 is divided by 12.
7
What is the remainder when 76 is divided by 13?
11
Calculate the remainder when 559 is divided by 551.
8
Calculate the remainder when 553 is divided by 101.
48
What is the remainder when 71 is divided by 31?
9
What is the remainder when 80 is divided by 14?
10
What is the remainder when 1217 is divided by 53?
51
What is the remainder when 95 is divided by 49?
46
What is the remainder when 253 is divided by 67?
52
What is the remainder when 132 is divided by 47?
38
What is the remainder when 92 is divided by 20?
12
What is the remainder when 377 is divided by 21?
20
Calculate the remainder when 54 is divided by 22.
10
What is the remainder when 1140 is divided by 60?
0
What is the remainder when 664 is divided by 29?
26
Calculate the remainder when 505 is divided by 67.
36
What is the remainder when 432 is divided by 29?
26
What is the remainder when 120 is divided by 21?
15
Calculate the remainder when 169 is divided by 53.
10
What is the remainder when 117 is divided by 12?
9
What is the remainder when 901 is divided by 101?
93
What is the remainder when 4574 is divided by 6?
2
Calculate the remainder when 2233 is divided by 2231.
2
What is the remainder when 85 is divided by 24?
13
Calculate the remainder when 928 is divided by 49.
46
What is the remainder when 1494 is divided by 248?
6
Calculate the remainder when 102 is divided by 35.
32
Calculate the remainder when 218 is divided by 60.
38
What is the remainder when 960 is divided by 241?
237
Calculate the remainder when 708 is divided by 333.
42
What is the remainder when 595 is divided by 150?
145
Calculate the remainder when 328 is divided by 7.
6
Calculate the remainder when 161 is divided by 42.
35
Calculate the remainder when 1448 is divided by 76.
4
What is the remainder when 114 is divided by 49?
16
Calculate the remainder when 13941 is divided by 14.
11
Calculate the remainder when 84 is divided by 37.
10
Calculate the remainder when 431 is divided by 145.
141
Calculate the remainder when 139 is divided by 126.
13
What is the remainder when 39 is divided by 11?
6
What is the remainder when 3389 is divided by 103?
93
Calculate the remainder when 360 is divided by 120.
0
What is the remainder when 7238 is divided by 58?
46
What is the remainder when 12 is divided by 3?
0
What is the remainder when 581 is divided by 84?
77
What is the remainder when 80 is divided by 20?
0
What is the remainder when 4031 is divided by 126?
125
Calculate the remainder when 391 is divided by 11.
6
What is the remainder when 34 is divided by 12?
10
Calculate the remainder when 1748 is divided by 14.
12
What is the remainder when 65 is divided by 34?
31
Calculate the remainder when 85 is divided by 15.
10
Calculate the remainder when 56 is divided by 22.
12
What is the remainder when 1363 is divided by 13?
11
What is the remainder when 98 is divided by 20?
18
What is the remainder when 321 is divided by 39?
9
Calculate the remainder when 222 is divided by 33.
24
Calculate the remainder when 106 is divided by 14.
8
Calculate the remainder when 4252 is divided by 37.
34
What is the remainder when 432 is divided by 88?
80
Calculate the remainder when 237 is divided by 20.
